{"id":447,"date":"2022-01-10T20:53:56","date_gmt":"2022-01-10T20:53:56","guid":{"rendered":"https:\/\/desdelaterrazadeamador.com\/?page_id=447"},"modified":"2022-01-10T20:53:56","modified_gmt":"2022-01-10T20:53:56","slug":"amador-palacios","status":"publish","type":"page","link":"https:\/\/desdelaterrazadeamador.com\/en\/amador-palacios\/","title":{"rendered":"Amador Palacios"},"content":{"rendered":"<p>Views: 679<\/p>\n<figure class=\"wp-block-image size-large is-resized\"><img loading=\"lazy\" decoding=\"async\" src=\"https:\/\/desdelaterrazadeamador.com\/wp-content\/uploads\/2022\/01\/amador-palacios-1024x728.jpg\" alt=\"\" class=\"wp-image-448\" width=\"840\" height=\"597\" srcset=\"https:\/\/desdelaterrazadeamador.com\/wp-content\/uploads\/2022\/01\/amador-palacios-1024x728.jpg 1024w, https:\/\/desdelaterrazadeamador.com\/wp-content\/uploads\/2022\/01\/amador-palacios-300x213.jpg 300w, https:\/\/desdelaterrazadeamador.com\/wp-content\/uploads\/2022\/01\/amador-palacios-768x546.jpg 768w, https:\/\/desdelaterrazadeamador.com\/wp-content\/uploads\/2022\/01\/amador-palacios-18x12.jpg 18w, https:\/\/desdelaterrazadeamador.com\/wp-content\/uploads\/2022\/01\/amador-palacios.jpg 1265w\" sizes=\"auto, (max-width: 840px) 100vw, 840px\" \/><\/figure>\n\n\n\n<p class=\"wp-block-paragraph\"><strong>Life summary<\/strong><\/p>\n\n\n\n<p class=\"wp-block-paragraph\">My name is Amador Palacios and I was born in Bilbao many years ago.<\/p>\n\n\n\n<p class=\"wp-block-paragraph\">I am a Telecommunications Engineer from the ETSIT of Madrid and I have worked for more than 40 years in various industrial companies related to Electronics, Defense, Aeronautics, etc ... starting in technical tasks related to my studies and finishing (the last 25 years) in business management and administration tasks.<\/p>\n\n\n\n<p class=\"wp-block-paragraph\">After leaving my stage of working life I dedicate an important part of my time helping and advising in entrepreneurship and business creation.<\/p>\n\n\n\n<p class=\"wp-block-paragraph\">My personal curiosity leads me to publish a Blog about topics that are very dear to me that have to do with technologies, social changes, etc ... that affect us all, and that are changing our way of life.<\/p>\n\n\n\n<p class=\"wp-block-paragraph\">The changes that we are experiencing, and that are becoming faster, affect us all without distinction, and those that best adapt to them will be those with the greatest chances of success in the future.<\/p>\n\n\n\n<p class=\"wp-block-paragraph\">As long as our spirit is awake and active, we all have our grain of sand to contribute and that is what I intend with the reflections of my Blog.<\/p>\n\n\n\n<p class=\"wp-block-paragraph\">Opinions other than mine are welcome<\/p>\n\n\n\n<p class=\"wp-block-paragraph\">My personal e-mail is: <a href=\"mailto:amadorpalacios@desdelaterrazadeamador.com\">amadorpalacios@desdelaterrazadeamador.com<\/a><\/p>\n\n\n\n<p class=\"wp-block-paragraph\">Reflections of Amador Palacios on topics of Social and Technological Issues. Other opinions different from mine are welcome<\/p>","protected":false},"excerpt":{"rendered":"<p>Views: 679 Resumen de vida Mi nombre es Amador Palacios y nac\u00ed en Bilbao hace ya unos cuantos a\u00f1os. Soy Ingeniero de Telecomunicaci\u00f3n por la ETSIT de Madrid y he trabajado durante m\u00e1s de 40 a\u00f1os en diversas empresas industriales relacionadas con la Electr\u00f3nica, la Defensa, la Aeron\u00e1utica, etc \u2026 empezando en labores de car\u00e1cter [&hellip;]<\/p>\n","protected":false},"author":1,"featured_media":0,"parent":0,"menu_order":0,"comment_status":"closed","ping_status":"closed","template":"","meta":{"_crdt_document":"","footnotes":""},"class_list":["post-447","page","type-page","status-publish","hentry"],"yoast_head":"<!-- This site is optimized with the Yoast SEO plugin v27.4 - https:\/\/yoast.com\/product\/yoast-seo-wordpress\/ -->\n<title>Amador Palacios - Desde la terraza de Amador<\/title>\n<meta name=\"robots\" content=\"index, follow, max-snippet:-1, max-image-preview:large, max-video-preview:-1\" \/>\n<link rel=\"canonical\" href=\"https:\/\/desdelaterrazadeamador.com\/en\/amador-palacios\/\" \/>\n<meta property=\"og:locale\" content=\"en_US\" \/>\n<meta property=\"og:type\" content=\"article\" \/>\n<meta property=\"og:title\" content=\"Amador Palacios - Desde la terraza de Amador\" \/>\n<meta property=\"og:description\" content=\"Views: 679 Resumen de vida Mi nombre es Amador Palacios y nac\u00ed en Bilbao hace ya unos cuantos a\u00f1os. Soy Ingeniero de Telecomunicaci\u00f3n por la ETSIT de Madrid y he trabajado durante m\u00e1s de 40 a\u00f1os en diversas empresas industriales relacionadas con la Electr\u00f3nica, la Defensa, la Aeron\u00e1utica, etc \u2026 empezando en labores de car\u00e1cter [&hellip;]\" \/>\n<meta property=\"og:url\" content=\"https:\/\/desdelaterrazadeamador.com\/en\/amador-palacios\/\" \/>\n<meta property=\"og:site_name\" content=\"Desde la terraza de Amador\" \/>\n<meta property=\"og:image\" content=\"https:\/\/desdelaterrazadeamador.com\/wp-content\/uploads\/2022\/01\/amador-palacios-1024x728.jpg\" \/>\n<meta name=\"twitter:card\" content=\"summary_large_image\" \/>\n<meta name=\"twitter:site\" content=\"@edurneamaya\" \/>\n<meta name=\"twitter:label1\" content=\"Est. reading time\" \/>\n\t<meta name=\"twitter:data1\" content=\"2 minutes\" \/>\n<script type=\"application\/ld+json\" class=\"yoast-schema-graph\">{\"@context\":\"https:\\\/\\\/schema.org\",\"@graph\":[{\"@type\":\"WebPage\",\"@id\":\"https:\\\/\\\/desdelaterrazadeamador.com\\\/amador-palacios\\\/\",\"url\":\"https:\\\/\\\/desdelaterrazadeamador.com\\\/amador-palacios\\\/\",\"name\":\"Amador Palacios - Desde la terraza de Amador\",\"isPartOf\":{\"@id\":\"https:\\\/\\\/desdelaterrazadeamador.com\\\/#website\"},\"primaryImageOfPage\":{\"@id\":\"https:\\\/\\\/desdelaterrazadeamador.com\\\/amador-palacios\\\/#primaryimage\"},\"image\":{\"@id\":\"https:\\\/\\\/desdelaterrazadeamador.com\\\/amador-palacios\\\/#primaryimage\"},\"thumbnailUrl\":\"https:\\\/\\\/desdelaterrazadeamador.com\\\/wp-content\\\/uploads\\\/2022\\\/01\\\/amador-palacios-1024x728.jpg\",\"datePublished\":\"2022-01-10T20:53:56+00:00\",\"breadcrumb\":{\"@id\":\"https:\\\/\\\/desdelaterrazadeamador.com\\\/amador-palacios\\\/#breadcrumb\"},\"inLanguage\":\"en-US\",\"potentialAction\":[{\"@type\":\"ReadAction\",\"target\":[\"https:\\\/\\\/desdelaterrazadeamador.com\\\/amador-palacios\\\/\"]}]},{\"@type\":\"ImageObject\",\"inLanguage\":\"en-US\",\"@id\":\"https:\\\/\\\/desdelaterrazadeamador.com\\\/amador-palacios\\\/#primaryimage\",\"url\":\"https:\\\/\\\/desdelaterrazadeamador.com\\\/wp-content\\\/uploads\\\/2022\\\/01\\\/amador-palacios-1024x728.jpg\",\"contentUrl\":\"https:\\\/\\\/desdelaterrazadeamador.com\\\/wp-content\\\/uploads\\\/2022\\\/01\\\/amador-palacios-1024x728.jpg\"},{\"@type\":\"BreadcrumbList\",\"@id\":\"https:\\\/\\\/desdelaterrazadeamador.com\\\/amador-palacios\\\/#breadcrumb\",\"itemListElement\":[{\"@type\":\"ListItem\",\"position\":1,\"name\":\"Portada\",\"item\":\"https:\\\/\\\/desdelaterrazadeamador.com\\\/\"},{\"@type\":\"ListItem\",\"position\":2,\"name\":\"Amador Palacios\"}]},{\"@type\":\"WebSite\",\"@id\":\"https:\\\/\\\/desdelaterrazadeamador.com\\\/#website\",\"url\":\"https:\\\/\\\/desdelaterrazadeamador.com\\\/\",\"name\":\"Desde la terraza de Amador\",\"description\":\"Reflexiones libres y honestas sobre temas de actualidad social y tecnol\u00f3gica\",\"publisher\":{\"@id\":\"https:\\\/\\\/desdelaterrazadeamador.com\\\/#\\\/schema\\\/person\\\/0b6966cf66bcc9a2eb35a69e1c074d66\"},\"potentialAction\":[{\"@type\":\"SearchAction\",\"target\":{\"@type\":\"EntryPoint\",\"urlTemplate\":\"https:\\\/\\\/desdelaterrazadeamador.com\\\/?s={search_term_string}\"},\"query-input\":{\"@type\":\"PropertyValueSpecification\",\"valueRequired\":true,\"valueName\":\"search_term_string\"}}],\"inLanguage\":\"en-US\"},{\"@type\":[\"Person\",\"Organization\"],\"@id\":\"https:\\\/\\\/desdelaterrazadeamador.com\\\/#\\\/schema\\\/person\\\/0b6966cf66bcc9a2eb35a69e1c074d66\",\"name\":\"Amador Palacios\",\"image\":{\"@type\":\"ImageObject\",\"inLanguage\":\"en-US\",\"@id\":\"https:\\\/\\\/desdelaterrazadeamador.com\\\/wp-content\\\/uploads\\\/2022\\\/01\\\/amador-palacios.jpg\",\"url\":\"https:\\\/\\\/desdelaterrazadeamador.com\\\/wp-content\\\/uploads\\\/2022\\\/01\\\/amador-palacios.jpg\",\"contentUrl\":\"https:\\\/\\\/desdelaterrazadeamador.com\\\/wp-content\\\/uploads\\\/2022\\\/01\\\/amador-palacios.jpg\",\"width\":1265,\"height\":899,\"caption\":\"Amador Palacios\"},\"logo\":{\"@id\":\"https:\\\/\\\/desdelaterrazadeamador.com\\\/wp-content\\\/uploads\\\/2022\\\/01\\\/amador-palacios.jpg\"},\"description\":\"Reflexiones de Amador Palacios sobre temas de Actualidad Social y Tecnol\u00f3gica; otras opiniones diferentes a la m\u00eda son bienvenidas\",\"sameAs\":[\"http:\\\/\\\/desdelaterrazadeamador.com\",\"https:\\\/\\\/es.linkedin.com\\\/in\\\/amador-palacios-499532a\",\"https:\\\/\\\/x.com\\\/https:\\\/\\\/twitter.com\\\/edurneamaya\"]}]}<\/script>\n<!-- \/ Yoast SEO plugin. -->","yoast_head_json":{"title":"Amador Palacios - Desde la terraza de Amador","robots":{"index":"index","follow":"follow","max-snippet":"max-snippet:-1","max-image-preview":"max-image-preview:large","max-video-preview":"max-video-preview:-1"},"canonical":"https:\/\/desdelaterrazadeamador.com\/en\/amador-palacios\/","og_locale":"en_US","og_type":"article","og_title":"Amador Palacios - Desde la terraza de Amador","og_description":"Views: 679 Resumen de vida Mi nombre es Amador Palacios y nac\u00ed en Bilbao hace ya unos cuantos a\u00f1os. Soy Ingeniero de Telecomunicaci\u00f3n por la ETSIT de Madrid y he trabajado durante m\u00e1s de 40 a\u00f1os en diversas empresas industriales relacionadas con la Electr\u00f3nica, la Defensa, la Aeron\u00e1utica, etc \u2026 empezando en labores de car\u00e1cter [&hellip;]","og_url":"https:\/\/desdelaterrazadeamador.com\/en\/amador-palacios\/","og_site_name":"Desde la terraza de Amador","og_image":[{"url":"https:\/\/desdelaterrazadeamador.com\/wp-content\/uploads\/2022\/01\/amador-palacios-1024x728.jpg","type":"","width":"","height":""}],"twitter_card":"summary_large_image","twitter_site":"@edurneamaya","twitter_misc":{"Est. reading time":"2 minutes"},"schema":{"@context":"https:\/\/schema.org","@graph":[{"@type":"WebPage","@id":"https:\/\/desdelaterrazadeamador.com\/amador-palacios\/","url":"https:\/\/desdelaterrazadeamador.com\/amador-palacios\/","name":"Amador Palacios - Desde la terraza de Amador","isPartOf":{"@id":"https:\/\/desdelaterrazadeamador.com\/#website"},"primaryImageOfPage":{"@id":"https:\/\/desdelaterrazadeamador.com\/amador-palacios\/#primaryimage"},"image":{"@id":"https:\/\/desdelaterrazadeamador.com\/amador-palacios\/#primaryimage"},"thumbnailUrl":"https:\/\/desdelaterrazadeamador.com\/wp-content\/uploads\/2022\/01\/amador-palacios-1024x728.jpg","datePublished":"2022-01-10T20:53:56+00:00","breadcrumb":{"@id":"https:\/\/desdelaterrazadeamador.com\/amador-palacios\/#breadcrumb"},"inLanguage":"en-US","potentialAction":[{"@type":"ReadAction","target":["https:\/\/desdelaterrazadeamador.com\/amador-palacios\/"]}]},{"@type":"ImageObject","inLanguage":"en-US","@id":"https:\/\/desdelaterrazadeamador.com\/amador-palacios\/#primaryimage","url":"https:\/\/desdelaterrazadeamador.com\/wp-content\/uploads\/2022\/01\/amador-palacios-1024x728.jpg","contentUrl":"https:\/\/desdelaterrazadeamador.com\/wp-content\/uploads\/2022\/01\/amador-palacios-1024x728.jpg"},{"@type":"BreadcrumbList","@id":"https:\/\/desdelaterrazadeamador.com\/amador-palacios\/#breadcrumb","itemListElement":[{"@type":"ListItem","position":1,"name":"Portada","item":"https:\/\/desdelaterrazadeamador.com\/"},{"@type":"ListItem","position":2,"name":"Amador Palacios"}]},{"@type":"WebSite","@id":"https:\/\/desdelaterrazadeamador.com\/#website","url":"https:\/\/desdelaterrazadeamador.com\/","name":"Desde la terraza de Amador","description":"Free and honest reflections on current social and technological issues","publisher":{"@id":"https:\/\/desdelaterrazadeamador.com\/#\/schema\/person\/0b6966cf66bcc9a2eb35a69e1c074d66"},"potentialAction":[{"@type":"SearchAction","target":{"@type":"EntryPoint","urlTemplate":"https:\/\/desdelaterrazadeamador.com\/?s={search_term_string}"},"query-input":{"@type":"PropertyValueSpecification","valueRequired":true,"valueName":"search_term_string"}}],"inLanguage":"en-US"},{"@type":["Person","Organization"],"@id":"https:\/\/desdelaterrazadeamador.com\/#\/schema\/person\/0b6966cf66bcc9a2eb35a69e1c074d66","name":"Amador Palacios","image":{"@type":"ImageObject","inLanguage":"en-US","@id":"https:\/\/desdelaterrazadeamador.com\/wp-content\/uploads\/2022\/01\/amador-palacios.jpg","url":"https:\/\/desdelaterrazadeamador.com\/wp-content\/uploads\/2022\/01\/amador-palacios.jpg","contentUrl":"https:\/\/desdelaterrazadeamador.com\/wp-content\/uploads\/2022\/01\/amador-palacios.jpg","width":1265,"height":899,"caption":"Amador Palacios"},"logo":{"@id":"https:\/\/desdelaterrazadeamador.com\/wp-content\/uploads\/2022\/01\/amador-palacios.jpg"},"description":"Reflexiones de Amador Palacios sobre temas de Actualidad Social y Tecnol\u00f3gica; otras opiniones diferentes a la m\u00eda son bienvenidas","sameAs":["http:\/\/desdelaterrazadeamador.com","https:\/\/es.linkedin.com\/in\/amador-palacios-499532a","https:\/\/x.com\/https:\/\/twitter.com\/edurneamaya"]}]}},"_links":{"self":[{"href":"https:\/\/desdelaterrazadeamador.com\/en\/wp-json\/wp\/v2\/pages\/447","targetHints":{"allow":["GET"]}}],"collection":[{"href":"https:\/\/desdelaterrazadeamador.com\/en\/wp-json\/wp\/v2\/pages"}],"about":[{"href":"https:\/\/desdelaterrazadeamador.com\/en\/wp-json\/wp\/v2\/types\/page"}],"author":[{"embeddable":true,"href":"https:\/\/desdelaterrazadeamador.com\/en\/wp-json\/wp\/v2\/users\/1"}],"replies":[{"embeddable":true,"href":"https:\/\/desdelaterrazadeamador.com\/en\/wp-json\/wp\/v2\/comments?post=447"}],"version-history":[{"count":1,"href":"https:\/\/desdelaterrazadeamador.com\/en\/wp-json\/wp\/v2\/pages\/447\/revisions"}],"predecessor-version":[{"id":449,"href":"https:\/\/desdelaterrazadeamador.com\/en\/wp-json\/wp\/v2\/pages\/447\/revisions\/449"}],"wp:attachment":[{"href":"https:\/\/desdelaterrazadeamador.com\/en\/wp-json\/wp\/v2\/media?parent=447"}],"curies":[{"name":"wp","href":"https:\/\/api.w.org\/{rel}","templated":true}]}}

<p>Views: 679 Resumen de vida Mi nombre es Amador Palacios y nací en Bilbao hace ya unos cuantos años. Soy Ingeniero de Telecomunicación por la ETSIT de Madrid y he trabajado durante más de 40 años en diversas empresas industriales relacionadas con la Electrónica, la Defensa, la Aeronáutica, etc … empezando en labores de carácter [&hellip;]</p>

<!-- This site is optimized with the Yoast SEO plugin v27.4 - https://yoast.com/product/yoast-seo-wordpress/ -->
<title>Amador Palacios - Desde la terraza de Amador</title>
<meta name="robots" content="index, follow, max-snippet:-1, max-image-preview:large, max-video-preview:-1" />
<link rel="canonical" href="https://desdelaterrazadeamador.com/en/amador-palacios/" />
<meta property="og:locale" content="en_US" />
<meta property="og:type" content="article" />
<meta property="og:title" content="Amador Palacios - Desde la terraza de Amador" />
<meta property="og:description" content="Views: 679 Resumen de vida Mi nombre es Amador Palacios y nací en Bilbao hace ya unos cuantos años. Soy Ingeniero de Telecomunicación por la ETSIT de Madrid y he trabajado durante más de 40 años en diversas empresas industriales relacionadas con la Electrónica, la Defensa, la Aeronáutica, etc … empezando en labores de carácter [&hellip;]" />
<meta property="og:url" content="https://desdelaterrazadeamador.com/en/amador-palacios/" />
<meta property="og:site_name" content="Desde la terraza de Amador" />
<meta property="og:image" content="https://desdelaterrazadeamador.com/wp-content/uploads/2022/01/amador-palacios-1024x728.jpg" />
<meta name="twitter:card" content="summary_large_image" />
<meta name="twitter:site" content="@edurneamaya" />
<meta name="twitter:label1" content="Est. reading time" />
	<meta name="twitter:data1" content="2 minutes" />
<script type="application/ld+json" class="yoast-schema-graph">{"@context":"https:\/\/schema.org","@graph":[{"@type":"WebPage","@id":"https:\/\/desdelaterrazadeamador.com\/amador-palacios\/","url":"https:\/\/desdelaterrazadeamador.com\/amador-palacios\/","name":"Amador Palacios - Desde la terraza de Amador","isPartOf":{"@id":"https:\/\/desdelaterrazadeamador.com\/#website"},"primaryImageOfPage":{"@id":"https:\/\/desdelaterrazadeamador.com\/amador-palacios\/#primaryimage"},"image":{"@id":"https:\/\/desdelaterrazadeamador.com\/amador-palacios\/#primaryimage"},"thumbnailUrl":"https:\/\/desdelaterrazadeamador.com\/wp-content\/uploads\/2022\/01\/amador-palacios-1024x728.jpg","datePublished":"2022-01-10T20:53:56+00:00","breadcrumb":{"@id":"https:\/\/desdelaterrazadeamador.com\/amador-palacios\/#breadcrumb"},"inLanguage":"en-US","potentialAction":[{"@type":"ReadAction","target":["https:\/\/desdelaterrazadeamador.com\/amador-palacios\/"]}]},{"@type":"ImageObject","inLanguage":"en-US","@id":"https:\/\/desdelaterrazadeamador.com\/amador-palacios\/#primaryimage","url":"https:\/\/desdelaterrazadeamador.com\/wp-content\/uploads\/2022\/01\/amador-palacios-1024x728.jpg","contentUrl":"https:\/\/desdelaterrazadeamador.com\/wp-content\/uploads\/2022\/01\/amador-palacios-1024x728.jpg"},{"@type":"BreadcrumbList","@id":"https:\/\/desdelaterrazadeamador.com\/amador-palacios\/#breadcrumb","itemListElement":[{"@type":"ListItem","position":1,"name":"Portada","item":"https:\/\/desdelaterrazadeamador.com\/"},{"@type":"ListItem","position":2,"name":"Amador Palacios"}]},{"@type":"WebSite","@id":"https:\/\/desdelaterrazadeamador.com\/#website","url":"https:\/\/desdelaterrazadeamador.com\/","name":"Desde la terraza de Amador","description":"Reflexiones libres y honestas sobre temas de actualidad social y tecnológica","publisher":{"@id":"https:\/\/desdelaterrazadeamador.com\/#\/schema\/person\/0b6966cf66bcc9a2eb35a69e1c074d66"},"potentialAction":[{"@type":"SearchAction","target":{"@type":"EntryPoint","urlTemplate":"https:\/\/desdelaterrazadeamador.com\/?s={search_term_string}"},"query-input":{"@type":"PropertyValueSpecification","valueRequired":true,"valueName":"search_term_string"}}],"inLanguage":"en-US"},{"@type":["Person","Organization"],"@id":"https:\/\/desdelaterrazadeamador.com\/#\/schema\/person\/0b6966cf66bcc9a2eb35a69e1c074d66","name":"Amador Palacios","image":{"@type":"ImageObject","inLanguage":"en-US","@id":"https:\/\/desdelaterrazadeamador.com\/wp-content\/uploads\/2022\/01\/amador-palacios.jpg","url":"https:\/\/desdelaterrazadeamador.com\/wp-content\/uploads\/2022\/01\/amador-palacios.jpg","contentUrl":"https:\/\/desdelaterrazadeamador.com\/wp-content\/uploads\/2022\/01\/amador-palacios.jpg","width":1265,"height":899,"caption":"Amador Palacios"},"logo":{"@id":"https:\/\/desdelaterrazadeamador.com\/wp-content\/uploads\/2022\/01\/amador-palacios.jpg"},"description":"Reflexiones de Amador Palacios sobre temas de Actualidad Social y Tecnológica; otras opiniones diferentes a la mía son bienvenidas","sameAs":["http:\/\/desdelaterrazadeamador.com","https:\/\/es.linkedin.com\/in\/amador-palacios-499532a","https:\/\/x.com\/https:\/\/twitter.com\/edurneamaya"]}]}</script>
<!-- / Yoast SEO plugin. -->

Views: 679 Resumen de vida Mi nombre es Amador Palacios y nací en Bilbao hace ya unos cuantos años. Soy Ingeniero de Telecomunicación por la ETSIT de Madrid y he trabajado durante más de 40 años en diversas empresas industriales relacionadas con la Electrónica, la Defensa, la Aeronáutica, etc … empezando en labores de carácter [&hellip;]

Reflexiones de Amador Palacios sobre temas de Actualidad Social y Tecnológica; otras opiniones diferentes a la mía son bienvenidas
